38) + 8/(-76)*1 composite?
False
Let i = -16 + 4. Is (6/(-4))/(i/80) composite?
True
Let z = -5 + 8. Suppose z*i - 476 = 5*j, -3*i - 174 + 649 = -4*j. Is i prime?
True
Suppose 2*g + 97 = 3*g. Let n be 0/2*(-2)/4. Suppose -k - 32 + g = n. Is k composite?
True
Let t be 3/2*(1 + 1). Suppose 21 = -t*w + 4*w. Is (0 - (-6)/3) + w composite?
False
Suppose -5*w + 29 = 4. Suppose -4*t - g + 63 = 4*g, -t + w*g + 47 = 0. Is t composite?
True
Let j be 1/1 - (5 + -7). Suppose j*q + 0*q = 267. Is q composite?
False
Is 1*((-172)/(-2) + -3) a composite number?
False
Suppose 0 = -5*q - 10, -3*b - 3*q = 2*b - 409. Is b a prime number?
True
Suppose 0 = -9*l + 2918 + 1501. Is l a prime number?
True
Suppose 0*c = 2*c + 402. Let g = -108 - c. Is g a prime number?
False
Let q(w) = -w. Let u be q(3). Let z be (u/5 + 1)*5. Is 8/(-4)*(-111)/z composite?
True
Suppose -2*q + 1042 = 3*z - 3927, -4*z + 6626 = 2*q. Is z composite?
False
Let s(l) = -6*l**2 + l + 1. Let d be s(-1). Let h = -7 - d. Is (-1)/h*-1 - -38 prime?
True
Suppose b = 31 + 54. Is b composite?
True
Let y = -725 - -1358. Is y composite?
True
Let c(w) = 33*w + 4. Is c(3) a composite number?
False
Suppose 0 = 4*t - 8 - 0. Let r be 0*t/(-4) - 298. Is (r/(-1))/(2 - 0) prime?
True
Suppose 0 = 5*j + 3*v - 1931, 0*j + 785 = 2*j - 3*v. Suppose -3*p = 0, -d - p = 3*d - j. Is d a prime number?
True
Is 28/98 - (-719)/7 a prime number?
True
Suppose -1634 = -5*o + 701. Is o composite?
False
Suppose 0*x + 2 = -x. Is 2 + (-29)/2*x a prime number?
True
Let x = -272 - -527. Suppose -z + x = 4*z. Is z a composite number?
True
Let h be (-1)/(-5) + 140/50. Suppose 49 = h*c - 80. Let b = c + 46. Is b a prime number?
True
Let y = 346 - 763. Let o be (-3)/(-12) - y/12. Let g = 30 + o. Is g a prime number?
False
Let i = 4 - 8. Let n(k) = -3*k**3 - 4*k**2 + 3*k + 3. Is n(i) composite?
True
Suppose 0 = 2*w + 3*z - 1933, w - 5*z = 985 - 25. Suppose -5*j + 5*n + w = 0, 255 + 515 = 4*j - 2*n. Let b = 281 - j. Is b a prime number?
True
Let x(k) be the first derivative of k**4/24 + 23*k**3/2 + k**2 + 3. Let c(y) be the second derivative of x(y). Is c(0) a prime number?
False
Suppose -5 = -j - 3*t, -5*j - t = -7 - 4. Suppose 28 = j*h + 4*f, 0 = 3*f + f - 16. Is h prime?
False
Let y(p) = p + 106. Let s be y(0). Suppose s + 229 = k. Is k a composite number?
True
Let o be 1 + -1 + (32 - -5). Let s = o - -22. Is s prime?
True
Let z(l) be the first derivative of 7*l**3/3 + l**2 + l - 1. Let s be z(-1). Let c(i) = 2*i**2 - 3*i - 5. Is c(s) a prime number?
False
Let u = 11 - 6. Suppose -b - 4*f - 35 = -773, -4*b + u*f + 2889 = 0. Suppose 256 = -2*x + b. Is x a composite number?
True
Let n(q) = -q + 6. Let h be n(6). Suppose m - 7*p - 18 = -2*p, 5*m + 4*p - 3 = h. Suppose m*l = 8*l - 75. Is l prime?
False
Suppose 0 = -3*z + 3*r + 105, -r - 2*r + 27 = z. Let x = z + 4. Is x a composite number?
False
Let m = 11 - 5. Suppose -m = -4*a - 2. Let c(n) = 15*n**3 + n**2 - 2*n + 1. Is c(a) prime?
False
Suppose 0 = 3*r - 5*z - 373, 4*r + 3*z - 363 = 173. Is r composite?
False
Suppose 0 = 4*h - 9*h + 15. Suppose 0*v - v + 8 = h*q, -4*v = q + 1. Suppose -n - q*y + 31 = 0, -85 = -7*n + 3*n + y. Is n composite?
True
Suppose 69 = 5*i - j, 4*i + 0*j = -5*j + 61. Suppose 4*r - 204 = -2*o, 5*r - 241 = o + i. Is r a composite number?
True
Suppose -2*p - k + 4*k - 61 = 0, 0 = -k - 3. Let x = -20 - p. Suppose x = d - 19. Is d a prime number?
False
Let q(x) = x**2 - 7*x + 3. Let i(j) = j**2 - 4*j - 6. Let f be i(6). Let o be q(f). Is 21 - o*6/(-9) a composite number?
False
Suppose -i = 4*i. Suppose 4*p = -i*p - 2*g + 16, -3*g = -3*p + 21. Suppose -p*x + 44 = -x. Is x a composite number?
False
Let d(k) = 2*k + 0*k - 9*k. Is d(-5) a prime number?
False
Let c = 107 + 1082. Let j = c + -522. Is j a composite number?
True
Let w be (-1)/4 - (-819)/12. Let n = 90 + w. Suppose b = -b + n. Is b a prime number?
True
Suppose -2109 - 21 = -6*l. Is l a prime number?
False
Suppose -2*m - 10 = 3*m. Let x(a) = -5*a**3 + 2*a + 1. Is x(m) composite?
False
Let n(d) = -4*d - d**2 + 0*d**2 + 2*d - 1 + 55*d**3 - d**2. Let i be n(-1). Let p = 23 - i. Is p a composite number?
False
Suppose 4*w - 3 = 17. Suppose 0*v = 5*v + 5*d - 515, 2*v - 234 = w*d. Suppose -q + v = -4*i, 3*q + 2*i - 4*i - 341 = 0. Is q a prime number?
False
Suppose -4*f + 64 = -76. Let a = f - 16. Is (a/3)/((-2)/(-6)) composite?
False
Suppose -2*b + 204 + 52 = 0. Let w = b - 40. Suppose 2*p + 2*p - 2*j - 122 = 0, -3*p + w = -5*j. Is p a composite number?
False
Let j(y) = -y**3 + 9*y**2 + 6. Let n be -1 - ((-54)/(-2))/(-1). Suppose 0 = -4*z + n + 10. Is j(z) a prime number?
False
Is 2688/7 + -3 - (0 - -4) a prime number?
False
Let g(i) = -6*i + 251. Is g(0) a prime number?
True
Let r = 3 - 0. Let l(w) = -3 - r*w - 2*w - 2*w - w. Is l(-7) a prime number?
True
Let k(l) = l + 1. Let x be k(0). Let a be (-2)/x - -2 - 1. Let r = a + 96. Is r a prime number?
False
Let q(c) be the first derivative of -1/2*c**2 - 2 + 10*c. Is q(-9) a composite number?
False
Let h = 11 + -4. Let m(j) = 21*j**2 + j - 4. Let v be m(h). Is (-2)/(-6) - v/(-9) prime?
False
Suppose 1410 = 8*n - 5846. Is n a prime number?
True
Let t = 404 - 263. Let m be 0 - (-1 - (1 + -2)). Suppose m*w = -3*w + t. Is w prime?
True
Suppose u + 2*u = -2*b + 583, 4*b = 4*u - 744. Is u prime?
True
Suppose 23*d + d = 17256. Is d a composite number?
False
Let x(d) = d**2 - d + 445. Suppose -3*h + h = 0. Is x(h) a composite number?
True
Let n = 29018 + -18217. Is n a prime number?
False
Let q(v) = 6 + 43*v**2 + 2*v - 7 - 3*v. Is q(-1) composite?
False
Let w(y) = 2*y**2 - 3*y + 1. Let r be 17/4 - (-2)/(-8). Is w(r) a composite number?
True
Suppose t - 4*b + 8*b - 25 = 0, 0 = -4*b + 12. Let o = t + -8. Suppose 0*l - o*l = -15. Is l composite?
False
Let x(i) be the second derivative of i**4/12 + 7*i**3/6 + i**2 + 2*i. Let v(j) be the first derivative of x(j). Is v(9) composite?
True
Suppose 8*u - 28093 = -5*u. Is u a composite number?
False
Let g(k) = k**3 + 5*k - 4*k**3 + 0*k - 4 + 2*k**3 + 7*k**2. Let z(d) = -3*d - 2. Let y be z(-3). Is g(y) prime?
True
Suppose -2*o + 5*o - 9 = 0. Suppose -3 = 3*x + o. Is (-190)/x*4/4 prime?
False
Let t(u) = -3*u + 2 - 3 + 0. Let s be t(-1). Is 1/(s - (-135)/(-69)) a prime number?
True
Let y = -6 + 9. Suppose 6*n - 12 = y*n. Suppose n*h + 0*h + 39 = z, -2*h = 10. Is z composite?
False
Let i(k) = 66*k**3 + k. Let u be i(-1). Suppose 10*h + 276 = 4*h. Let f = h - u. Is f a composite number?
True
Is (-2 - -220)*(33/6 - 5) prime?
True
Suppose -4*x + 2442 = 2*x. Is x prime?
False
Let c(u) = -2*u + 202. Is c(0) prime?
False
Suppose -q - 4 = -f + 4, -4*q - 24 = -2*f. Suppose n - f*g = g + 47, -2*n + g = -139. Let a = -23 + n. Is a a composite number?
True
Let q(i) = -i**3 + 6*i**2 + i - 1. Is q(-8) prime?
True
Suppose -10 + 16 = 2*s. Is s/5 - (-1620)/50 composite?
True
Let d(y) = y**2 - 2. Let t be d(-2). Suppose 4*n - 6 = t*n + 2*v, 8 = 2*n - 3*v. Suppose n + 35 = 4*o - 4*r, 0 = 3*o + 4*r - 13. Is o a composite number?
False
Is (-13)/65 - 1872/(-10) a composite number?
True
Let z = 19 + -29. Let m = z + 21. Is m a prime number?
True
Let f(h) = h + 7. Let p be f(0). Suppose -p*o + 12*o = 245. Is o prime?
False
Let w(y) = -15*y - 7. Is w(-4) composite?
False
Let p = 1144 - 2662. Is (p/12)/(1/(-2)) prime?
False
Let d be (-3 - -2)*(-1 - -2). Let o(y) = -37*y**3 + y**2 + 2*y + 1. Let q be o(d). Let n = -2 + q. Is n a composite number?
True
Let x be (2/3)/(18/81). Suppose 3*m - 5*m - x*r + 176 = 0, -4*m + 2*r + 336 = 0. Is m a composite number?
True
Suppose -2*s = 5*h - s - 2185, 2*h - s = 874. Is h composite?
True
Let h(i) = -i**2 - 7. Let j(q) = 3*q**2 + q + 20. Let l(t) = -17*h(t) - 6*j(t). Let m be l(-6). Is -2 + 85 + m + 1 prime?
True
Let b(l) = 3 - 2 + 4*l**2 - l**2 - 13*l - l**2. Is b(-10) prime?
True
Suppose 0 = 3*n + n - 2124. Let i = -175 - 177. Let r = i + n. Is r prime?
True
Suppose -5 = 6*g - g. Let t = g + 66. Is t prime?
False
Let d(p) = -7 - 6 - 9*p - 3*p. Is d(-6) a prime number?
True
Let t = -13 - -18. Suppose -5*g + 980 = t*k, 3*k - 964 = -5*g + 6*k. Is g composite?
True
Suppose 4*d - 1481 = -3*r, 2*d - 2487 = -5*r - 0*d. Is r a prime number?
True
Is (-215)/(-2)*12/15 a prime number?
False
Let p(s) = s**3 + 25*s**2 - 4*s + 19. Is p(-